x - 2382*x. Is x a prime number?
True
Is (-32017887)/(-30) - (-5)/(-100)*-2 a composite number?
False
Let r = -44 + 48. Suppose 0 = 5*n + r*x - 15, 0 = -0*x + 5*x. Is -4 - (n + 2016/(-4)) composite?
True
Let u(j) = 271*j**3 - 83*j**2 + 9*j - 16. Is u(15) a prime number?
True
Let d(g) = -g**3 - 5*g**2 + 10*g - 3. Let t be d(2). Is (-2433)/(5 + t - -5) composite?
True
Is 831/(-2)*(-1405)/(-45)*-6 a composite number?
True
Suppose -24*p + 2888871 = 35*p + 100*p. Is p prime?
True
Suppose 190 = -2*r + 4*z, -4*r - 302 = -4*z + 62. Let k = -65 - r. Let b(y) = y**3 - 21*y**2 - 19*y - 29. Is b(k) prime?
True
Suppose -5652 + 97520 = -7*c. Let r = -2287 - c. Is r prime?
True
Suppose 31*n - 11152321 - 21557066 = 5259692. Is n a prime number?
True
Let m be 1*2 - 13/(10 - 23). Suppose -3141 = -v - m*q + 4*q, -5*q - 20 = 0. Is v a prime number?
True
Let w(d) = 2*d**2 + 13*d - 41. Suppose -a + 1 - 23 = 0. Is w(a) a composite number?
False
Let r(g) = g**2 - g + 798. Let f be r(0). Let z = 13637 - f. Is z composite?
True
Let w be (21/63)/((-1)/(-9)). Suppose -5*f - 5*m = -100, -5*m + 25 + 43 = w*f. Suppose 12*h + 8804 = f*h. Is h a composite number?
True
Suppose -2*w - 3*t + 2 = 0, -2*t - 2*t - 28 = -5*w. Suppose 2*r = -2*q - 26, 5*r + w*q = -0*q - 66. Is r + 13 - (1 - 633/1) prime?
True
Suppose 17354 = 11*q - 22895. Is q composite?
False
Let y = -6554 - -10989. Suppose -1557 = -8*h + y. Is h a prime number?
False
Suppose 24*z - 152079891 = -219*z + 906348. Is z a prime number?
False
Suppose 3*d - 18 = -4*c + 3*c, -3*c - 3*d = -24. Suppose 4*s + 15 = -0*b - 3*b, -c*b = 15. Suppose 3*i = g + 4011, 0 = 2*i - s*i + g - 2674. Is i composite?
True
Suppose -4*y + 583 = -4*x + 17347, 5*x + y - 20931 = 0. Is x composite?
True
Let g(j) = -49902*j - 97. Is g(-2) a composite number?
False
Suppose 57738 + 55074 = -21*n. Let m = 12013 + n. Is m composite?
True
Suppose 1415*a = 1424*a - 251469. Is a a composite number?
False
Suppose 0*m - m = -3. Let n(h) = 2*h**3 + 18*h**2 + 14*h - 11. Let w be n(-8). Suppose w*k + 1723 = 3*r, 2306 - 543 = m*r + 5*k. Is r a composite number?
True
Let j(l) = -4*l**2 - 3*l - 2. Let n be j(9). Let q = 1492 + n. Is q prime?
False
Let g(s) = -2099*s**3 + 5*s**2 - s - 3. Is g(-2) composite?
False
Let v(g) = 12*g**3 + 24*g**2 - 841*g + 18. Is v(19) a prime number?
True
Is (-4 + 3)*(-1601821)/13 prime?
True
Suppose -4*x - 10*r = -14*r - 30816, -5*x + 38490 = r. Is x composite?
False
Let k(x) = 70805*x**3 - 2 - 3*x - 10*x**2 + 21*x**2 - 7472*x**3 - 8*x**2. Is k(1) a composite number?
False
Let t(b) = -966*b - 5. Let j(g) = g - 19. Let x be j(11). Let k(u) = -322*u - 2. Let o(w) = x*k(w) + 3*t(w). Is o(-1) a prime number?
False
Let o be ((-146)/8)/((-3)/12). Let a = 76 - o. Suppose -s = -4*s - a*m + 2514, -2*s - m = -1673. Is s composite?
True
Suppose 3*y = -19 + 115. Suppose -4*b + 12*b = y. Suppose 41 + 207 = b*p. Is p composite?
True
Let y = 7214 - 3115. Is y prime?
True
Let i(a) = 6823*a**2 + 228*a - 1212. Is i(5) prime?
True
Let v = -28544 + 55691. Is v composite?
True
Suppose 440 = 2*w - 2*h, -6*h + 10 = -h. Let t = -70 - w. Let r = t - -631. Is r a composite number?
True
Let n be -1*4/8*-2 - -3. Suppose -10880 = -n*i - 5*q + 1091, -i + 3009 = -2*q. Is i a prime number?
True
Let a = -8682 - 21302. Let z = a + 43590. Is z prime?
False
Let k(t) = -t**3 + 11*t**2 - 5*t + 29. Let a be k(10). Suppose -a*z + 85*z = 28110. Is z a prime number?
False
Let b = -458499 - -787650. Is b composite?
True
Let o(p) = 14*p + 21 - 10*p**2 + 4*p**2 + 7*p**2. Let q be o(-14). Let z = 182 + q. Is z a composite number?
True
Let h(d) = 29*d**2 - 5*d - 5. Suppose 0 = 2*j - 5*j - 27. Is h(j) composite?
False
Let n = 40926 + 51850. Suppose n = 4*x - 2*j, 2*x + 3*x - 115973 = j. Is x a composite number?
True
Suppose 3*l - 870 = -p, -5*l - 200 = 5*p - 1650. Is l*((-540)/8)/(-3) + -4 composite?
False
Suppose 0 = -13*w + 28 + 128. Is 3/(-2)*(-73912)/w composite?
False
Is 2 + 4 + 307/((-1)/(114/(-6))) a composite number?
False
Let g(a) = 6517*a**2 - 52*a + 358. Is g(6) prime?
False
Let f be ((-17)/34)/(1/(26*-4)). Let v be ((-5)/(30/f))/(2/3). Let y(g) = -42*g + 41. Is y(v) composite?
False
Let m(r) = 27*r**2 - r + 2309. Is m(0) prime?
True
Let s(p) = -p**3 + p**2 - 22*p - 21. Let n be s(-4). Suppose -124*r + n*r = 719463. Is r a composite number?
True
Let b(s) = 4395*s - 5363. Is b(14) prime?
True
Suppose -5*c + 2*c = 153. Let u = c - -91. Suppose 3*z - u = 29. Is z a composite number?
False
Suppose r + 66 = -4*r - 2*h, r = 2*h - 6. Let f(a) = -2*a**3 - 27*a**2 + 10*a + 7. Let v be f(r). Let d = -332 - v. Is d prime?
False
Let u(r) = -r**3 + 5*r**2 + 2*r - 18. Let g be u(4). Suppose -g*z + 61270 - 23032 = 0. Is z prime?
True
Let z be (17/34)/((-2)/30908). Let u = -5332 - z. Is u a composite number?
True
Let y(r) = 4*r**3 + 49*r**2 - 63*r - 143. Is y(23) composite?
False
Let l be (-11 + 0 + -1)/(-2 - 0). Suppose k = l*k - 20. Suppose k*s - 968 - 68 = 0. Is s composite?
True
Suppose b + 3*b - c = -3, 5*c = -4*b + 15. Suppose b = -0*q + 5*q - q. Suppose 1752 = 7*a - 3*a + 4*y, -4*y + 4 = q. Is a prime?
False
Suppose -13*l = -34341 - 95438. Is l a prime number?
False
Let a = -8494 - -14470. Let p = -1591 + a. Is p a prime number?
False
Let p = 17 + -13. Suppose 0 = -3*v - 1 + 4, y + p*v = 166. Suppose -3*s + 309 = -y. Is s a prime number?
True
Let d = 282 - 282. Suppose -6*t + t - 2*n + 14635 = 0, d = 4*n. Is t prime?
True
Suppose -10*g + 18 - 18 = 0. Is 344266/(-52)*(-2 - g) a prime number?
True
Let t be 2*(-2 - -1)*-2. Suppose 2*v - 3*u = 13886, u - 27768 = -t*v + 6*u. Is v prime?
False
Suppose -5*h + 340*c - 341*c + 1519013 = 0, -303801 = -h - c. Is h a composite number?
False
Suppose -3*b = -6*b + 234. Let t(q) = 7 + b*q + 80*q - 15*q + 7*q. Is t(10) composite?
True
Let y = -212247 - -341150. Is y a prime number?
True
Let q be 0 + (-30)/(2 + (0 - 1)). Let u be 281/((11 - 7) + q/8). Is u/10 - (-27)/45 a composite number?
False
Is (2734/(-42) + (-18)/(-42))/((-38)/599241) a prime number?
False
Suppose 239*w - 3242146 = 1086383. Is w composite?
True
Let d = 48861 + -21516. Suppose 0*z - h = z - d, -h + 54694 = 2*z. Is z a composite number?
True
Let p = 185 - 177. Suppose -2*y = 0, -2*l + p*y - 4*y = -13998. Is l a composite number?
True
Let q(w) = -2*w**2 + w + 565. Let j(d) = -d + 5*d + 2 - 5 + d**3 - 3*d - 3*d**2. Let g be j(3). Is q(g) prime?
False
Let n be (-32)/16*((-10695)/(-6))/5. Let m = n + 5764. Is m a prime number?
True
Let f(r) = -5 + 3*r + 13 + 4 + 1 - 2*r. Let d be 0/((-2)/(2 - 0)). Is f(d) prime?
True
Let z(o) = o**3 + 73*o**2 - 96*o - 367. Is z(-74) a composite number?
True
Let z(n) be the second derivative of 43*n**5/4 - n**4/6 - n**3 + 9*n**2/2 - 24*n. Is z(2) prime?
True
Suppose 4*g - 597 - 531 = 0. Let q = 137 + g. Is q a prime number?
True
Let k(d) = -4*d - 39*d**2 + 26*d**2 + 12*d - 11 + 17*d**2. Suppose 6*u = 3*u + 30. Is k(u) composite?
True
Suppose -4*o = -2*u - 24, -5*u - 7 = 4*o - 3. Is (14/o - 5)*(-9736)/12 prime?
True
Let z = 171459 - 39476. Is z a composite number?
True
Suppose -53*w + 59*w - 1317645 = -3*u, -2*u = -4*w - 878438. Is u a prime number?
True
Suppose -3*p = -p. Suppose -6 = -w - t - p*t, w - 3*t = 14. Suppose w*o - o = 17311. Is o a composite number?
False
Suppose v + 4*v = 2*r - 86438, -5*v = 5*r - 216095. Is r prime?
False
Let q = 8145 - -6428. Suppose -6658 - q = -21*p. Is p composite?
True
Let s(h) = -28*h**2 - 5*h + 3. Let z be s(-4). Suppose 76*k + 5*k - 71796 = -12*k. Let t = k + z. Is t prime?
True
Let o be ((-1 - -7) + -2)*4. Let t be 3/(-1)*(-16)/o. Suppose 3*z = -0*z - 2*h + 5645, 0 = t*h + 6. Is z composite?
True
Suppose 2*w - 58 = -26. Let o(q) = -q + 18. Let s be o(w). Suppose -5*v + 1228 = s*t, -3*t - v - 426 + 2268 = 0. Is t a composite number?
True
Is ((-1120007)/(-14))/(-2*(-5)/20) composite?
False
Suppose 14*o - f = 13*o + 1192, 0 = -o + 3*f + 1186. Is o composite?
True
Suppose -5*b - a + 48329 = 2*a, -5*b = -5*a - 48345. Suppose -b = -7*c + 11977. Suppose 3743 + c = r. Is r a composite number?
True
Suppose 0 = 4*s + 5*y - 848146, 3*s - y - 636117 = -6*y. Is s prime?
True
Let t = -52482 - -161006. Is 3/(3 + (-13)/(t/25040)) a composite number?
True
Suppose -14 = 2*w, 142*m - 2*w - 404499 = 137*m. Is m prime?
True